
66713, 69203
List the prime factors of 166509177.
3, 55503059
What are the prime factors of 328363161?
3, 7, 45587
What are the prime factors of 3444111068?
2, 861027767
What are the prime factors of 392349441?
3, 11, 463, 25679
What are the prime factors of 2887275243?
3, 962425081
List the prime factors of 2404812.
2, 3, 200401
What are the prime factors of 137741773?
13, 19, 31, 17989
What are the prime factors of 39303810?
2, 3, 5, 7, 13, 4799
List the prime factors of 6568236773.
7, 17, 59, 935513
What are the prime factors of 5131885454?
2, 821, 3125387
What are the prime factors of 83579035?
5, 677, 24691
List the prime factors of 2289705900.
2, 3, 5, 7632353
List the prime factors of 16969722.
2, 3, 7, 11, 23, 1597
What are the prime factors of 677232467?
1259, 537913
What are the prime factors of 19544388?
2, 3, 19, 23, 3727
What are the prime factors of 405657135?
3, 5, 13, 693431
List the prime factors of 17328608.
2, 11, 19, 2591
List the prime factors of 35508654.
2, 3, 647, 3049
What are the prime factors of 22494064?
2, 1405879
What are the prime factors of 28200653?
13, 2169281
List the prime factors of 50246395.
5, 10049279
List the prime factors of 29607879.
3, 7, 1409899
What are the prime factors of 4370975794?
2, 281, 7777537
List the prime factors of 170560205.
5, 41, 137, 6073
What are the prime factors of 4401382582?
2, 37, 233, 397, 643
List the prime factors of 2473286905.
5, 17, 19, 1531447
List the prime factors of 44019357.
3, 14673119
What are the prime factors of 63106360?
2, 5, 1577659
List the prime factors of 53998076.
2, 11, 19, 64591
List the prime factors of 5659363278.
2, 3, 314409071
What are the prime factors of 394717407?
3, 7, 17, 1105651
List the prime factors of 41384624.
2, 29, 79, 1129
What are the prime factors of 66039580?
2, 5, 761, 4339
What are the prime factors of 5482612350?
2, 3, 5, 23, 401, 1321
What are the prime factors of 46958248?
2, 5869781
List the prime factors of 4778097003.
3, 530899667
List the prime factors of 838351600.
2, 5, 17, 31, 41, 97
List the prime factors of 55320183.
3, 6146687
List the prime factors of 114737646.
2, 3, 269, 71089
List the prime factors of 3774240813.
3, 7, 4861, 36973
What are the prime factors of 1148289015?
3, 5, 131, 313, 1867
What are the prime factors of 52058053?
2029, 25657
List the prime factors of 125866614.
2, 3, 20977769
What are the prime factors of 1711250072?
2, 7, 47, 733, 887
What are the prime factors of 4296768025?
5, 11, 15624611
What are the prime factors of 61511225?
5, 983, 2503
What are the prime factors of 699903156?
2, 3, 23, 2535881
What are the prime factors of 9981067?
107, 93281
List the prime factors of 15305571.
3, 61, 9293
What are the prime factors of 11758974?
2, 3, 151, 12979
What are the prime factors of 38560301?
13, 17, 174481
What are the prime factors of 110074628?
2, 27518657
What are the prime factors of 186398929?
186398929
List the prime factors of 119422219.
7, 17060317
What are the prime factors of 881838009?
3, 13, 23, 53, 229
List the prime factors of 1509600636.
2, 3, 41933351
List the prime factors of 276233251.
7, 39461893
List the prime factors of 41560239.
3, 7, 19, 104161
What are the prime factors of 4241334455?
5, 43, 71, 277847
What are the prime factors of 174885465?
3, 5, 1093, 10667
List the prime factors of 18002342.
2, 9001171
What are the prime factors of 3532212238?
2, 29, 41, 521, 2851
List the prime factors of 157117564.
2, 39279391
List the prime factors of 1067001422.
2, 127, 1187, 3539
List the prime factors of 132210575.
5, 7, 107927
List the prime factors of 4677497367.
3, 36791, 42379
List the prime factors of 166850660.
2, 5, 109, 76537
What are the prime factors of 4009394892?
2, 3, 103, 503, 6449
What are the prime factors of 85366494?
2, 3, 1580861
List the prime factors of 4679587620.
2, 3, 5, 17, 73, 6983
What are the prime factors of 1070612594?
2, 535306297
What are the prime factors of 449982597?
3, 1481, 101279
List the prime factors of 297066125.
5, 2376529
List the prime factors of 364132234.
2, 41, 4440637
What are the prime factors of 933982632?
2, 3, 11, 31, 109, 349
What are the prime factors of 693268728?
2, 3, 28886197
List the prime factors of 53409058.
2, 26704529
What are the prime factors of 320939058?
2, 3, 11, 269, 18077
What are the prime factors of 4092342566?
2, 13, 233, 317, 2131
What are the prime factors of 1313141771?
107, 2699, 4547
What are the prime factors of 92734921?
92734921
List the prime factors of 205045887.
3, 43, 1589503
What are the prime factors of 269061423?
3, 61, 1470281
What are the prime factors of 509802602?
2, 233, 1093997
List the prime factors of 2330623834.
2, 7, 11, 31, 44381
What are the prime factors of 172020290?
2, 5, 13, 1323233
What are the prime factors of 4050602178?
2, 3, 7, 96442909
What are the prime factors of 75860497?
643, 117979
List the prime factors of 963289691.
7, 13, 31, 26267
List the prime factors of 2373006.
2, 3, 67, 5903
List the prime factors of 523836489.
3, 11, 83, 191251
What are the prime factors of 25923680?
2, 5, 29, 37, 151
List the prime factors of 471821258.
2, 3889, 60661
List the prime factors of 215653185.
3, 5, 11, 48407
List the prime factors of 153846172.
2, 23, 233, 7177
What are the prime factors of 36078195?
3, 5, 2405213
List the prime factors of 652944790.
2, 5, 65294479
List the prime factors of 36082090.
2, 5, 11, 29, 11311
What are the prime factors of 104230988?
2, 29, 898543
List the prime factors of 1998909543.
3, 31, 563, 38177
What are the prime factors of 43862126?
2, 7, 11, 284819
What are the prime factors of 1470349817?
79, 541, 34403
List the prime factors of 21528177.
3, 11, 652369
List the prime factors of 30519243.
3, 127, 26701
What are the prime factors of 3725447531?
13, 286572887
List the prime factors of 3733636641.
3, 7, 177792221
List the prime factors of 139999035.
3, 5, 11, 59, 73, 197
List the prime factors of 22506982.
2, 19, 592289
List the prime factors of 136449481.
7, 19492783
List the prime factors of 7312796729.
7, 97, 883, 12197
List the prime factors of 88369573.
401, 220373
List the prime factors of 174052002.
2, 3, 73, 397379
List the prime factors of 71468663.
7, 17, 600577
What are the prime factors of 301913992?
2, 211, 178859
List the prime factors of 4391549293.
17, 47, 5496307
What are the prime factors of 5839687?
7, 17, 31, 1583
What are the prime factors of 4516170736?
2, 7, 11, 293, 12511
List the prime factors of 307382111.
61, 5039051
List the prime factors of 3283356068.
2, 419, 1321, 1483
List the prime factors of 2926802629.
2926802629
What are the prime factors of 3171974492?
2, 792993623
List the prime factors of 1308696843.
3, 436232281
What are the prime factors of 2692557822?
2, 3, 41, 251, 43607
List the prime factors of 7199945.
5, 1439989
List the prime factors of 1459076063.
19, 971, 79087
List the prime factors of 90015491.
23, 3913717
List the prime factors of 48927298.
2, 7, 3494807
What are the prime factors of 3484367345?
5, 17, 19, 2157503
What are the prime factors of 23671848?
2, 3, 31, 31817
What are the prime factors of 5690421?
3, 11, 229, 251
What are the prime factors of 29184725?
5, 389, 3001
List the prime factors of 1071929009.
1071929009
List the prime factors of 112517708.
2, 28129427
What are the prime factors of 4718957?
727, 6491
What are the prime factors of 160945062?
2, 3, 26824177
List the prime factors of 359464788.
2, 3, 107, 93319
What are the prime factors of 439426014?
2, 3, 73237669
List the prime factors of 34799713.
13, 23, 116387
What are the prime factors of 220860450?
2, 3, 5, 173, 2837
What are the prime factors of 53092465?
5, 97, 109469
What are the prime factors of 2457024858?
2, 3, 17, 8029493
List the prime factors of 174553441.
41, 47, 90583
What are the prime factors of 2317093549?
2317093549
List the prime factors of 423674975.
5, 37, 458027
List the prime factors of 1772653129.
13, 31, 797, 5519
What are the prime factors of 298749748?
2, 11, 359, 18913
List the prime factors of 14019729.
3, 1783, 2621
What are the prime factors of 144271868?
2, 13, 29, 3299
List the prime factors of 52790588.
2, 19, 47, 14779
What are the prime factors of 153919463?
153919463
List the 